= u + 264. What is the greatest common divisor of q and 9?
9
Let m(i) = 2*i**2 - 30*i + 11. Let y be m(15). Suppose p = -5*q + 55, -5*q - 10 = -3*p + 135. Let x = -17 + p. What is the greatest common factor of y and x?
11
Let r be (1 - (-10722)/(-10))*(-6 - (-42)/12). What is the greatest common factor of 1133 and r?
103
Let x = 3103 + -3010. Calculate the greatest common factor of x and 11253.
93
Suppose -t = -g + 15, -g + 0*t = 3*t + 5. What is the highest common divisor of 1825 and g?
5
Let j = 5150 + -5033. What is the highest common factor of 2028 and j?
39
Let j = -2397 - -2426. Suppose 8*x + 1342 = 8070. What is the greatest common factor of x and j?
29
Suppose 0 = l - 6*l + 1380. Let p = 3112 + -3088. What is the greatest common divisor of l and p?
12
Let i(g) = -757*g + 821. Let p be i(1). Calculate the highest common divisor of 10464 and p.
32
Suppose 4*a - 384 = -0*a + 3*h, -3*a - 2*h + 271 = 0. Calculate the highest common factor of 20739 and a.
93
Suppose -2*h + 5*k - 296 = 823, 5*k = 5*h + 2775. Let z = 852 + h. Calculate the highest common divisor of z and 20.
20
Let z be (-28)/112*(-1576)/(-4)*(-23 + 1). What is the greatest common factor of 11 and z?
11
Let i be (-162)/(-6) - (1 - -2). Let w be (i/9 + 0)*-9. Let n = -17 - w. Calculate the greatest common divisor of n and 14.
7
Let s(y) = 24*y - 43. Let x be s(2). Suppose -l = -3*d + 1435, -x*d + 2*l = -1207 - 1183. What is the highest common divisor of d and 15?
15
Let t be (21645/(-351))/((-20)/96). What is the highest common factor of t and 376?
8
Suppose x - 46 = -3*c, 4*c - 132 = -3*x + 6. Let y be (-2075)/(-30) - (-1)/(-6). Calculate the greatest common divisor of x and y.
23
Suppose -2*r - 62 = 78. Let n be 2*(0 + r/(-4)). Let q = -14524 + 14538. What is the greatest common factor of q and n?
7
Suppose -4*y = -r - 4*r - 10644, -4*y + 2*r + 10620 = 0. Calculate the greatest common factor of y and 11.
11
Let g be 18/12*4*(-11)/(-6). Calculate the greatest common factor of 671 and g.
11
Suppose v = 2*j - 10639, -45*j + 10630 = -43*j - 2*v. What is the greatest common factor of 4 and j?
4
Let j = -2614 - -2866. What is the greatest common divisor of j and 819?
63
Suppose -4*m = 4*u - 70859 - 73925, 4*u = 2*m + 144802. What is the greatest common factor of 53 and u?
53
Suppose 3*a - 1569 = -3*k, 2*a - 7 = -1. Let s be (2/4)/((-387)/390 - -1). Calculate the highest common factor of s and k.
65
Let a = -18931 + 19099. Let i = -46 - -118. What is the greatest common factor of i and a?
24
Let u be (18/(-15))/((-14)/(-35)) + 10. What is the highest common divisor of 2779 and u?
7
Let z(j) = -2*j**2 - 104*j + 6. Let b be z(-48). Calculate the greatest common divisor of b and 546.
78
Let i = 14553 + -14481. Let c = 1 - -7. What is the greatest common factor of i and c?
8
Suppose 0 = g + 4*l - 34, l = -2*g - 4*l + 56. Let z(v) = 72 + 1034*v + 24 - 1037*v. Let k be z(8). What is the greatest common factor of g and k?
18
Suppose 246 = 2*d - 5*w, -3*w = -10*d + 13*d - 411. Calculate the highest common factor of d and 589.
19
Suppose -4*n + 258 = 2*u - n, 0 = 2*n + 8. Let a = 170 - u. Calculate the highest common factor of 21 and a.
7
Let c = 776 + -722. Calculate the highest common factor of c and 999.
27
Suppose 4*f + 9 = 2*r - 1, 0 = -2*f + 4*r - 20. Let l be (7 + f)/((-19)/(-418)) - -1. What is the highest common factor of 5 and l?
5
Let s be (8/(-24))/(1/(-105)). Calculate the greatest common factor of s and 290.
5
Let n(i) = -3*i**3 - 2*i - 3. Let t = 58 + -59. Let g be n(t). Let c be 3 - (g + (-4 - -1) + -22). Calculate the highest common factor of 65 and c.
13
Let x be (-55)/((-2805)/2193) + 1857. Let b be (-2)/2 - 101/(-1). What is the highest common factor of b and x?
100
Suppose 21*u = 451 + 17525. What is the greatest common divisor of 8 and u?
8
Let m(r) be the third derivative of -r**2 + 1/12*r**5 + 0 - 2/3*r**3 + 0*r - 5/24*r**4. Let k be m(5). Calculate the highest common divisor of k and 12.
12
Let u(i) = -20*i - 54. Let x = 655 - 661. Let g be u(x). What is the highest common factor of 594 and g?
66
Let d = 1582 - 1519. Calculate the highest common divisor of d and 399.
21
Suppose -2*c = 5*h - 23, 0 = c - 2*c + 4. Suppose s - 49 = -3*d, h*s - d = 7*s - 163. What is the highest common factor of s and 48?
8
Let m = -6 - -14. Let v(f) = 5*f - 20*f - 29 - 11*f + 44*f. Let d be v(m). Calculate the highest common divisor of d and 46.
23
Let w(l) = 4*l**2 - 8*l + 2. Let o = -23 - -25. Let c be w(o). Suppose -c*f + 54 = -18. What is the highest common factor of f and 9?
9
Let m be 50/(-55) + (-7)/77. Let k be ((-57)/m)/((-174)/(-116)). Calculate the greatest common factor of 171 and k.
19
Let x = 16 - -4. Let u be (x/(-15) + 1)/((-2)/12). Suppose 5*l - h = 387, 2*l - 160 = -u*h + 5*h. What is the highest common factor of 7 and l?
7
Suppose -6*f = 2*j - 10*f - 32, 0 = 14*j - 5*f - 109. Calculate the greatest common factor of 6126 and j.
6
Suppose 16*k = 18*k - 52. Let w(i) = 4 - 4 - 2*i**2 - 7*i + 6 + k*i. Let b be w(7). What is the highest common divisor of 123 and b?
41
Suppose 4*w - 5*g - 38 = 0, -4*w = -2*g + 103 - 135. Calculate the highest common divisor of w and 6503.
7
Suppose 6*f - 1280 = -5*y + 2*f, 3*f - 1285 = -5*y. Suppose 0 = 7*t - 3*t - y. Let p be (-3)/(15/(-478)) + 26/t. What is the greatest common factor of p and 12?
12
Let q(b) = b**3 + 5*b**2 + b. Let z be q(-4). Let h(s) = -s - 25. Let t be h(-20). Let f = 8 + t. Calculate the highest common factor of z and f.
3
Suppose 72*v - 39203 = 78445. Calculate the greatest common factor of 1892 and v.
86
Suppose -2*k = h - 20, 4*k - 2*h = -6*h + 40. Let a be 4/k - 396/(-10). Suppose -8*y + 510 + 306 = 138*y + 86. Calculate the greatest common factor of a and y.
5
Let w = -155 + 200. Let k = -49 + 319. What is the greatest common factor of k and w?
45
Suppose k = -7*f + 3586, -37*k = f - 39*k - 523. What is the highest common divisor of f and 703?
19
Suppose -q + 3*f = -4, -f - 2*f - 6 = 0. Let k(g) = -67*g - 131. Let l be k(q). Calculate the highest common factor of 141 and l.
3
Let t = -103 + 241. Let f be (2 - t/(-10)) + (-6)/(-30). What is the highest common divisor of 8 and f?
8
Let z = 19705 - 19697. What is the highest common factor of 4924 and z?
4
Suppose 5*j = 5*f + 15, 2*j - j + 2*f = 18. Suppose 0 = -i + 3*o + 50, -109 + j = -2*i + 5*o. What is the greatest common factor of 2 and i?
1
Let v be 6/2 + 2 + 8. Let i be (39*-1)/(-6*v/26). Calculate the greatest common factor of 1027 and i.
13
Suppose 5*q = 1176 + 224. Let z be 663/(-65) + 2/10. Let p(n) = -2*n + 15. Let g be p(z). Calculate the greatest common divisor of q and g.
35
Let i = -1790 - -1997. Let s(r) = 17*r**3 + r**2. Let n be s(1). What is the highest common factor of i and n?
9
Suppose 3*x + 3*a - 12 = 0, -3*a + a + 5 = x. Let b be (4*-11)/(4*x/(-6)). What is the highest common divisor of 143 and b?
11
Let w(y) = -22*y - 1426. Let f be w(-71). What is the highest common factor of 18 and f?
2
Suppose 3*m = m + 4. Let x(u) = -39*u + u**2 + 6 + m - 3*u**2 + 9*u. Let q be x(-15). Calculate the highest common factor of 20 and q.
4
Suppose 0 = -19*n + 1055 + 750. Calculate the greatest common factor of n and 45.
5
Let s(k) = 5*k**2 - 356*k + 85. Let h be s(71). Let j be 4/(-14) - 247/(-7). Calculate the highest common factor of j and h.
7
Let r be ((-21)/(-18))/(37/222). Let o = -77 + 154. What is the highest common factor of r and o?
7
Suppose 5*a - 4*a + 4*a = 340. What is the highest common factor of a and 21556?
68
Suppose -3*i - 4*o = -1, 0 = 4*i - 4*o - 0 - 20. Suppose 4*m = i*m + 20. What is the highest common divisor of 4 and m?
4
Suppose 4*h = 980 + 316. Let u(g) = 8*g**2 + 3*g + 1. Let w be u(1). Calculate the highest common factor of h and w.
12
Suppose -227*x = 43*x - 422280. What is the greatest common divisor of 204 and x?
68
Let l = 21748 + -21538. Calculate the highest common divisor of 4 and l.
2
Let i(g) = 59*g**3 + 2*g**2 - 2. Let h be i(-1). Let a = h - -91. Calculate the greatest common divisor of 32 and a.
32
Let u(x) = x**3 - 51*x**2 - 76*x + 1956. Let q be u(52). What is the highest common factor of 3363 and q?
177
Suppose -12*z + 2155 + 2645 = 0. What is the greatest common divisor of z and 150?
50
Suppose -28 = 2*l - 4*z